4a4b?
-44a51
In base 11, what is 148a + 7?
1496
In base 4, what is -22023322 + 13?
-22023303
In base 4, what is -32112321 + -22?
-32113003
In base 15, what is -3136 + 6?
-3130
In base 6, what is 2 - -5151345?
5151351
In base 15, what is 18695 + -3?
18692
In base 4, what is -23333222 + 133?
-23333023
In base 6, what is -20 + -2155?
-2215
In base 3, what is 1012010101200 + -12?
1012010101111
In base 16, what is -698 - 3?
-69b
In base 3, what is -221000 - 11021120?
-12012120
In base 9, what is -54 - 21327?
-21382
In base 11, what is 76a6 - -11?
7707
In base 9, what is -5 + -71841?
-71846
In base 14, what is -20 - b27?
-b47
In base 10, what is 4 + 2884?
2888
In base 5, what is 42 - 111430?
-111333
In base 16, what is -34b6 - 0?
-34b6
In base 3, what is 102120020 - -1201?
102121221
In base 4, what is 3 + -2322012?
-2322003
In base 4, what is -1220022 - -3?
-1220013
In base 9, what is -1 + 80327?
80326
In base 2, what is -10110001 + -10110000?
-101100001
In base 11, what is 81737 - 5?
81732
In base 3, what is -210102012 - 12?
-210102101
In base 4, what is 1000031313 + 10?
1000031323
In base 7, what is -151406 - 0?
-151406
In base 5, what is -132 + 1142412?
1142230
In base 10, what is 9 - 27806?
-27797
In base 12, what is 232b + 29?
2358
In base 4, what is 21311201 + 101?
21311302
In base 12, what is -289a - 14?
-28b2
In base 14, what is -141 - -101?
-40
In base 16, what is -13 - bea?
-bfd
In base 10, what is 5 - 476?
-471
In base 8, what is -5 + 450510?
450503
In base 6, what is -300 + -13054?
-13354
In base 10, what is 5 - 483813?
-483808
In base 16, what is 1ab32 + -1?
1ab31
In base 11, what is -1 + 75a40?
75a3a
In base 8, what is -366556 + -20?
-366576
In base 5, what is -142020 + 341?
-141124
In base 8, what is 2655 + -265?
2370
In base 6, what is 10321154 - 12?
10321142
In base 11, what is 61 - 8?
54
In base 9, what is 4 + 1086253?
1086257
In base 11, what is 17636 - 1?
17635
In base 2, what is 101100001000 + -101000?
101011100000
In base 14, what is -1c - -81?
63
In base 13, what is 13 + 46ab3?
46ac6
In base 5, what is 0 - -312404133?
312404133
In base 5, what is 1120 + -202141?
-201021
In base 14, what is 56 - -20?
76
In base 15, what is 4 - 4071a?
-40716
In base 5, what is -240 + -14334?
-20124
In base 15, what is -492 - 23?
-4b5
In base 15, what is 2 - -1a4?
1a6
In base 4, what is 0 - 2311000?
-2311000
In base 12, what is 35 - 22b?
-1b6
In base 9, what is 1 + 26730?
26731
In base 7, what is 4 + 111505?
111512
In base 10, what is -1 + 12693?
12692
In base 4, what is 202021122 + 11?
202021133
In base 10, what is -209 - -49?
-160
In base 6, what is 351515 + -4?
351511
In base 7, what is -10632 + -2315?
-13250
In base 8, what is 2002 + -7?
1773
In base 2, what is -11 + -11100110101110001010?
-11100110101110001101
In base 15, what is 7 + -133334?
-13332c
In base 10, what is 71 - -41349?
41420
In base 5, what is -222 + -4131?
-4403
In base 6, what is 1134 - -12404?
13542
In base 8, what is -3364 - -12?
-3352
In base 3, what is -12 - -20210021100?
20210021011
In base 14, what is 2 - -b850?
b852
In base 14, what is -1 + -38ab8?
-38ab9
In base 12, what is -416 + -53a?
-954
In base 10, what is -97930 + 0?
-97930
In base 10, what is -1 + 186698?
186697
In base 3, what is -1021021 + -20221?
-1112012
In base 2, what is -1001 + -1010101010011?
-1010101011100
In base 9, what is 2 - 6617?
-6615
In base 16, what is -792a + 26?
-7904
In base 3, what is -102000011 + -1000?
-102001011
In base 6, what is -2121 - 3354?
-5515
In base 5, what is -31 - 43100?
-43131
In base 13, what is 9030 + -118?
8c15
In base 7, what is 1244306 + 3?
1244312
In base 12, what is -3 - 90684?
-90687
In base 4, what is 3100030202 - 3?
3100030133
In base 5, what is -1101 - 314?
-1420
In base 16, what is 1638 - ba?
157e
In base 16, what is 1ae + -1375?
-11c7
In base 2, what is 100 - 1110001111110000?
-1110001111101100
In base 11, what is -394992 + 5?
-394988
In base 14, what is 4 + -145b5?
-145b1
In base 13, what is 0 - a74?
-a74
In base 2, what is -1101010111110100 + -11?
-1101010111110111
In base 6, what is 5 - 4351512?
-4351503
In base 13, what is 932 + 16a?
a9c
In base 4, what is -3121 - -2230?
-231
In base 12, what is -667432 + -4?
-667436
In base 10, what is 1 + 22615?
22616
In base 11, what is 17 + -3954?
-3938
In base 13, what is 788ab + 4?
788b2
In base 5, what is 12 - 202133?
-202121
In base 8, what is -7 - 17646?
-17655
In base 7, what is 3 + 14212?
14215
In base 16, what is 7a76 + -2?
7a74
In base 7, what is -54 + -232?
-316
In base 3, what is -10201200 - -2102?
-10122021
In base 11, what is 696 + 364?
a4a
In base 7, what is -2264261 + 4?
-2264254
In base 3, what is 112 - -1001121?
1002010
In base 2, what is 0 + 1111011110011001001?
1111011110011001001
In base 13, what is -1c7 - 145a?
-1654
In base 14, what is -2c09 - -a?
-2bdd
In base 11, what is -a4 - 41a?
-513
In base 10, what is 49 + -1493?
-1444
In base 5, what is 140013 - 32?
134431
In base 3, what is 21 - -22201020102?
22201020200
In base 6, what is 133155 + -21?
133134
In base 10, what is 718540 - 4?
718536
In base 10, what is 158 - -4738?
4896
In base 12, what is -3579b - -1?
-3579a
In base 14, what is -997 - -14?
-983
In base 13, what is 1 - 47b01?
-47b00
In base 13, what is 4 - -5b5b?
5b62
In base 11, what is -1583 - -14?
-156a
In base 4, what is -3232 + -32013?
-101311
In base 8, what is 15666 + -1?
15665
In base 15, what is 1411 - -5d7?
19e8
In base 4, what is 2202002133 + -1?
2202002132
In base 14, what is 88c0b9 - 2?
88c0b7
In base 2, what is -1000100 + -10000001110?
-10001010010
In base 5, what is -3 - -32131?
32123
In base 5, what is -124143 + 30?
-124113
In base 13, what is -3 - -28c2?
28bc
In base 14, what is -5 + 658b?
6586
In base 6, what is 243132 + -5?
243123
In base 16, what is 227b + d?
2288
In base 14, what is 1d0da3 + 1?
1d0da4
In base 6, what is -2312204 + -1?
-2312205
In base 10, what is -1699742 - 3?
-1699745
In base 15, what is 2c3a - 4?
2c36
In base 2, what is 100101101010010 - -1?
100101101010011
In base 16, what is 2d3d8 + 4?
2d3dc
In base 7, what is -1105 - -53?
-1022
In base 7, what is -44651 + -2?
-44653
In base 5, what is -13 - 42404?
-42422
In base 9, what is 1766518 + 4?
1766523
In base 6, what is 5414534 - -10?
5414544
In base 11, what is -4 + 10221?
10218
In base 15, what is 2573 - b6?
24ac
In base 9, what is 1573 - -35?
1618
In base 3, what is 212020022010 - 2?
212020022001
In base 13, what is -4270 - -59?
-4214
In base 13, what is -2 + 95970?
9596b
In base 7, what is 4 - 2613510?
-2613503
In base 2, what is -101011000000 + 11110?
-101010100010
In base 3, what is -111211010 + 21?
-111210212
In base 2, what is 101011101 - 10001001000?
-1011101011
In base 10, what is 22516 - 2?
22514
In base 9, what is -11616 + 63?
-11543
In base 13, what is 6a + 9c7a?
a017
In base 14, what is 17 - 47b?
-464
In base 15, what is 11b332 - 2?
11b330
In base 11, what is -11 + 3a55?
3a44
In base 6, what is -13 - -1003?
550
In base 10, what is -2 - 502503?
-502505
In base 15, what is -23 + -9ec?
-a20
In base 12, what is 37308 - -12?
3731a
In base 8, what is 11561 - -525?
12306
In base 4, what is 1 + 10230120?
10230121
In base 8, what is -4 - -324772?
324766
In base 7, what is -1 + -124223?
-124224
In base 7, what is 24 - -5600?
5624
In base 3, what is 10 - -20120211000?
20120211010
In base 4, what is 1 + 21033200?
21033201
In base 8, what is 17 + -4412?
-4373
In base 5, what is 403322 - 12?
403310
In base 2, what is 10110100100 - -100000?
10111000100
In base 15, what is 2513b - 0?
2513b
In base 13, what is -21 + 148a7?
14886
In base 8, what is -7643 + 0?
-7643
In base 9, what is -364 + 26?
-337
In base 10, what is 1 - 847470?
-847469
In base 15, what is 1b + -89e4?
-89c8
In base 14, what is -1 - c328?
-c329
In base 4, what is 2120330 + 21?
2121011
In base 2, what is -1011011010101 - 10001?
-1011011100110
In base 4, what is -101313 - 1223?
-103202
In base 10, what is 1647277 - -2?
1647279
In base 10, what is -366 + -477?
-843
In base 4, what is -3312220211 + -3?
-3312220220
In base 13, what is -7759 + -5?
-7761
In base 5, what is 10 - -2313211?
2313221
In base 2, what is 10000111111000 + 1001001010?
10010001000010
In base 16, what is 7 + -6c8?
-6c1
In base 16, what is -5b + 3fa?
39f
In base 15, what is 